n thousands digit of 14273619?
7
What is the hundred thousands digit of 1779853?
7
What is the units digit of 1416348?
8
What is the units digit of 6128?
8
What is the hundred thousands digit of 19719636?
7
What is the thousands digit of 1179368?
9
What is the ten millions digit of 12069469?
1
What is the thousands digit of 1256468?
6
What is the hundred thousands digit of 8863234?
8
What is the hundreds digit of 85836?
8
What is the hundreds digit of 24125920?
9
What is the hundreds digit of 362479?
4
What is the tens digit of 8524311?
1
What is the millions digit of 2065511?
2
What is the hundred thousands digit of 27629498?
6
What is the hundred thousands digit of 2658194?
6
What is the thousands digit of 929091?
9
What is the hundreds digit of 60687?
6
What is the tens digit of 6825375?
7
What is the thousands digit of 73285?
3
What is the thousands digit of 3093718?
3
What is the units digit of 5268886?
6
What is the tens digit of 21166817?
1
What is the millions digit of 4267208?
4
What is the tens digit of 682659?
5
What is the tens digit of 5215562?
6
What is the thousands digit of 61887?
1
What is the ten thousands digit of 111548?
1
What is the hundred thousands digit of 563590?
5
What is the units digit of 2654507?
7
What is the millions digit of 7349617?
7
What is the units digit of 738658?
8
What is the ten thousands digit of 44579?
4
What is the hundreds digit of 1307763?
7
What is the hundreds digit of 5013561?
5
What is the ten thousands digit of 10118520?
1
What is the hundreds digit of 168425?
4
What is the hundreds digit of 808203?
2
What is the units digit of 37600?
0
What is the thousands digit of 6802358?
2
What is the ten millions digit of 11025285?
1
What is the thousands digit of 1994360?
4
What is the tens digit of 190415?
1
What is the ten millions digit of 10116342?
1
What is the ten thousands digit of 15043640?
4
What is the millions digit of 3483276?
3
What is the units digit of 615192?
2
What is the units digit of 120907?
7
What is the thousands digit of 203737?
3
What is the hundreds digit of 772196?
1
What is the ten thousands digit of 3559730?
5
What is the tens digit of 978070?
7
What is the hundreds digit of 9077722?
7
What is the thousands digit of 95849?
5
What is the hundred thousands digit of 2823238?
8
What is the hundreds digit of 318987?
9
What is the tens digit of 690582?
8
What is the ten thousands digit of 18932154?
3
What is the millions digit of 6587915?
6
What is the tens digit of 250226?
2
What is the hundred thousands digit of 1062031?
0
What is the ten thousands digit of 7235764?
3
What is the millions digit of 1960547?
1
What is the hundreds digit of 384507?
5
What is the thousands digit of 43097?
3
What is the hundred thousands digit of 511730?
5
What is the units digit of 520226?
6
What is the hundred thousands digit of 1710702?
7
What is the ten thousands digit of 3083476?
8
What is the ten thousands digit of 2730084?
3
What is the thousands digit of 36334?
6
What is the hundreds digit of 2570406?
4
What is the thousands digit of 583661?
3
What is the tens digit of 15690?
9
What is the ten thousands digit of 1523817?
2
What is the tens digit of 5621477?
7
What is the ten thousands digit of 6417133?
1
What is the ten thousands digit of 8572481?
7
What is the hundred thousands digit of 1029343?
0
What is the hundred thousands digit of 36780972?
7
What is the hundreds digit of 23927919?
9
What is the hundred thousands digit of 1125535?
1
What is the units digit of 2356616?
6
What is the ten thousands digit of 522011?
2
What is the hundreds digit of 220985?
9
What is the units digit of 1474648?
8
What is the ten thousands digit of 226467?
2
What is the tens digit of 325796?
9
What is the millions digit of 8065989?
8
What is the units digit of 13238775?
5
What is the hundreds digit of 139991?
9
What is the thousands digit of 4481626?
1
What is the thousands digit of 3944?
3
What is the hundreds digit of 176939?
9
What is the ten thousands digit of 149434?
4
What is the thousands digit of 7664206?
4
What is the units digit of 406939?
9
What is the hundreds digit of 2448439?
4
What is the hundreds digit of 744057?
0
What is the hundreds digit of 25369999?
9
What is the hundreds digit of 19277924?
9
What is the hundred thousands digit of 2342457?
3
What is the units digit of 145921?
1
What is the units digit of 382338?
8
What is the units digit of 523268?
8
What is the units digit of 3340620?
0
What is the tens digit of 1348609?
0
What is the hundreds digit of 1287596?
5
What is the hundred thousands digit of 530809?
5
What is the thousands digit of 6959903?
9
What is the thousands digit of 85069?
5
What is the tens digit of 8941024?
2
What is the hundreds digit of 843724?
7
What is the ten thousands digit of 1233396?
3
What is the thousands digit of 90375?
0
What is the ten millions digit of 11456111?
1
What is the tens digit of 653101?
0
What is the thousands digit of 31982549?
2
What is the tens digit of 879133?
3
What is the millions digit of 1216910?
1
What is the thousands digit of 93806?
3
What is the ten thousands digit of 2102599?
0
What is the hundred thousands digit of 733781?
7
What is the tens digit of 39412?
1
What is the tens digit of 5419755?
5
What is the hundred thousands digit of 162655?
1
What is the hundreds digit of 7824643?
6
What is the ten thousands digit of 183533?
8
What is the hundreds digit of 15538?
5
What is the hundred thousands digit of 989248?
9
What is the hundreds digit of 1482078?
0
What is the hundred thousands digit of 202940?
2
What is the thousands digit of 767922?
7
What is the ten thousands digit of 422432?
2
What is the ten thousands digit of 770695?
7
What is the units digit of 4867091?
1
What is the thousands digit of 665644?
5
What is the units digit of 1967808?
8
What is the hundred thousands digit of 3492669?
4
What is the ten thousands digit of 5456595?
5
What is the tens digit of 124496?
9
What is the ten thousands digit of 23050765?
5
What is the thousands digit of 11811525?
1
What is the hundreds digit of 751676?
6
What is the tens digit of 2700282?
8
What is the hundreds digit of 6033795?
7
What is the hundreds digit of 26853?
8
What is the hundreds digit of 7196243?
2
What is the hundreds digit of 64512?
5
What is the millions digit of 5316015?
5
What is the millions digit of 2916977?
2
What is the ten thousands digit of 188403?
8
What is the tens digit of 414478?
7
What is the hundreds digit of 1801597?
5
What is the millions digit of 8035224?
8
What is the hundreds digit of 44039?
0
What is the thousands digit of 267567?
7
What is the tens digit of 17597346?
4
What is the units digit of 5808457?
7
What is the ten thousands digit of 2361806?
6
What is the hundred thousands digit of 120402?
1
What is the hundreds digit of 1910859?
8
What is the units digit of 16166247?
7
What is the thousands digit of 5879614?
9
What is the tens digit of 499731?
3
What is the units digit of 6588782?
2
What is the units digit of 5966566?
6
What is the tens digit of 2083464?
6
What is the thousands digit of 64761?
4
What is the units digit of 573305?
5
What is the units digit of 289267?
7
What is the hundreds digit of 221473?
4
What is the hundreds digit of 99719?
7
What is the tens digit of 46773?
7
What is the ten thousands digit of 32839?
3
What is the thousands digit of 6659?
6
What is the hundreds digit of 22203591?
5
What is the ten thousands digit of 263877?
6
What is the thousands digit of 1866982?
6
What is the units digit of 585585?
5
What is the tens digit of 146804?
0
What is the tens digit of 130968?
6
What is the units digit of 543912?
2
What is the tens digit of 3298209?
0
What is the tens digit of 551087?
8
What is the ten thousands digit of 22159312?
5
What is the ten thousands digit of 2088742?
8
What is the millions digit of 1058514?
1
What is the units digit of 92326?
6
What is the millions digit of 1056875?
1
What is the hundreds digit of 656746?
7
What is the units digit of 415819?
9
What is the units digit of 13311?
1
What is the ten thousands digit of 3693917?
9
What is the thousands digit of 21063169?
3
What is the thousands digit of 1002220?
2
What is the millions digit of 4114668?
4
What is the tens digit of 1832916?
1
What is th